. What is m(x)?
-4
Let v(x) = -15*x**2 - 2*x + 12. Let w(g) = -7*g**2 - g + 6. Let z(f) = 6*v(f) - 13*w(f). Give z(0).
-6
Suppose -3*q + 8*q = -5. Let d be ((-6)/(-2))/(q/(-1)). Let o(f) = 5*f + 2*f - d*f - 2*f - 3. Determine o(-4).
-11
Let j = 30 + -29. Let h(u) = 8*u - 1. Determine h(j).
7
Let v(q) = -q**3 - 2*q**2 - 3*q - 3. Let y be v(-2). Let o(x) = 3*x + x - 3*x + x**2 - y - 2*x. Determine o(-3).
9
Let i(m) = m**3 + 3*m**2 - 2*m + 2. Suppose -4*d - 28 = 3*d. Calculate i(d).
-6
Suppose 4*k = -0 + 4. Let y(w) be the second derivative of -7*w**3/6 + w. Determine y(k).
-7
Let l(x) = 3*x + 2 + 2*x - 7*x. Let m be 10/6 + 4/(-6) + 1. Calculate l(m).
-2
Let d = 3 + -3. Let f(a) = 0*a**2 + 1 - a**2 + d + a**3 - 3*a. Let p = 3 - 1. Give f(p).
-1
Let l(c) = 1 + 3*c - 2 - 8*c - 7*c. Let x = -7 + 8. Let g be x/4 + 3/4. Give l(g).
-13
Suppose 8*v - 4*v = 0. Let m(l) = l**2 + l + 3. Determine m(v).
3
Let a(h) be the first derivative of 3 + 2*h - 1/2*h**2. Let m = -1 + 1. Give a(m).
2
Let q(c) = 3*c**3 + 2*c**2 + c + 2. Let p(u) = 4*u**3 + 3*u**2 + 2*u + 3. Let r(s) = 4*p(s) - 5*q(s). Suppose 3*a - f = -11, 0*a - 5*f = 3*a - 19. Give r(a).
-4
Let u = -102 - -98. Let m(y) be the second derivative of y**5/60 + y**4/6 + y**3/6 + y. Let d(j) be the second derivative of m(j). Give d(u).
-4
Suppose -5*s - 20 = 5. Let z(u) = u**3 + 6*u**2 + 4*u - 5. Give z(s).
0
Let i = 17 + -4. Suppose -p - 2*n = -5*n - i, -5*p + 35 = -5*n. Let o(r) = r**3 - 3*r**2 - 4*r + 2. Give o(p).
2
Let k(v) = 3*v - v**2 + 0*v - v**2 + 3. Suppose 3*d + 3 = -w, 0*w - 2*w - 3*d = 0. Determine k(w).
-6
Let h(z) = z**3 + 51*z - 3 + 4*z**2 + 55*z - 103*z. What is h(-3)?
-3
Let m(c) = c**3 - 2*c**2 - c + 1. Let v be m(1). Let s be v + -1 + -2 + -1. Let o = 3 + s. Let i(x) = 2*x**3 + 2*x**2 + 2*x + 1. Determine i(o).
-11
Let p(i) = 0*i**3 + 1 + i**3 - 5*i**2 - 7*i - 1. Suppose -16 = -3*k - 1. Suppose -y + k*y = 24. Give p(y).
-6
Let y(t) = 14*t**3 + 21*t**2 - 29*t - 4. Let g(j) = 5*j**3 + 7*j**2 - 10*j - 1. Let n(a) = 17*g(a) - 6*y(a). What is n(6)?
-5
Let b(a) = a - 7. Let u be b(6). Let v(p) = p - 1. Let w be v(u). Let f(i) = i**3 + 2*i**2 + 2*i. Determine f(w).
-4
Let v be 2/6*(-1 - 2). Let m be v/5 - 1/(-5). Let a(c) = -c**3 + c**2 + 5. Calculate a(m).
5
Let d(o) be the third derivative of -1/8*o**4 + 0 + o**2 + 0*o - 1/180*o**6 - 1/120*o**5 + 0*o**3. Let w(i) be the second derivative of d(i). Calculate w(1).
-5
Suppose -3*a + 8 = a. Let x(y) = -1 - a - 3*y - 5 + 4*y. What is x(0)?
-8
Let j(n) be the third derivative of n**4/24 + n**3/6 + 3*n**2. Give j(0).
1
Let s be (-323)/119 + (-4)/14 - 1. Let b(d) = 3*d**2 + 2*d - 2. Let o(h) = h**2 + h + 1. Let x(r) = -b(r) + 2*o(r). What is x(s)?
-12
Let n(b) = 2*b + 4. Suppose 40 = 5*x - 60. Let a be ((-5)/(-4))/((-5)/x). What is n(a)?
-6
Let q(t) = t**3 + t**2 - 4*t. Let a be -10 + 5 - (-3 + 1). What is q(a)?
-6
Let c(q) = q**2 + 7*q + 1. Suppose -3*x + 13 = 1. Suppose -4*b - 5*d = 4, -x*b + 2*d - 28 = d. What is c(b)?
-5
Let c(v) = 2 - 4 - 2 - 6*v + 1. Give c(-2).
9
Let i be (2/(-4))/(4/(-16)). Let b(n) = -i*n + 0 - n**3 + 4 + 2*n**3 - 3*n**2. Let f = 73 - 70. Determine b(f).
-2
Suppose -1 - 5 = 2*h. Let b(a) = -a**3 - 2*a**2 + a - 2. Determine b(h).
4
Let c(v) be the first derivative of v**2/2 + 2*v + 3. Calculate c(-3).
-1
Let j(d) = -6*d + 26. Let f(b) = 2*b - 9. Let m(n) = 17*f(n) + 6*j(n). What is m(2)?
-1
Suppose -r + 7 = 4*r - 3*c, -r - 4*c + 6 = 0. Suppose -4*f = -v - 10, r*f + v = -2*v - 2. Let w(q) = -3*q - q + 0*q**f + q**2. Give w(3).
-3
Suppose -t = -3*b + 7, 3*b - 4 = 2*t - 2. Let o(a) = -2*a**2 + 7*a - 1. Calculate o(t).
-16
Suppose -k - i - 14 = 2*k, 4*i = -4*k - 24. Let a be (-1)/(-4) + 3/(-12). Let x(v) = -1 + v + a*v + 5. Calculate x(k).
0
Suppose 4 = z + 3. Let m(c) be the third derivative of -c**4/4 - 23*c**2. Give m(z).
-6
Let t = 7 - 1. Let f(j) be the third derivative of 1/120*j**t + 0*j - 1/15*j**5 + 1/3*j**3 + 1/12*j**4 + 0 + j**2. What is f(3)?
-1
Let i(r) = 7 - r + 20*r**2 - 6*r**2 - 9*r**2 - 6*r**2. Calculate i(0).
7
Let l(f) = f. Let k(v) = v - 3. Suppose 0 = 3*s + s + 12. Let d(y) = s*l(y) - k(y). Calculate d(3).
-9
Let x(y) = -4*y**2 + 6*y**2 - 7*y - y**2. Let b be 7/((-28)/(-6))*4. Calculate x(b).
-6
Let n(u) = -u**3 - 2*u**2 + u - 3. Let v(t) = -t**3 + 6*t**2 - 4*t + 3. Let i be v(3). Suppose -6*a - i + 0 = 0. What is n(a)?
3
Let w(p) = p**2 + 3*p. Let c(j) = -j**3 + 5*j**2 - 3*j. Let n be c(4). Suppose 0 = 3*u - 3*f - 33, 0 = -5*u - 3*f + n + 27. Let s be (1/2)/((-1)/u). Give w(s).
4
Let k(g) be the second derivative of -g**4/12 + g**3/3 - 2*g. Let o be k(2). Suppose o*r - r = 2. Let s(p) = -2*p - 1. Calculate s(r).
3
Let b(a) = -a**3 + a**2 - 1. Let f be 0/1 - (2 - 1). Let s be f/2 + 15/(-6). Let x be (-1 - s)/(-2) - -1. Give b(x).
-1
Let z(s) be the second derivative of -s**3/6 + 5*s**2/2 + 10*s. What is z(7)?
-2
Let f(i) = i + 2. Let c(q) = -q - 1. Let h(u) = -2*c(u) - f(u). Give h(4).
4
Let x(p) = -2*p - 2 - 1 + 4*p - p. Determine x(0).
-3
Let h = 24 - 90. Let l be 3/2*h/9. Let x = l - -16. Let p(u) = -u**3 + 6*u**2 - 5*u + 3. Determine p(x).
3
Let o(w) be the second derivative of -1/3*w**4 + 0 - 1/20*w**5 + 5/6*w**3 - 2*w + 1/2*w**2. Let u = -11 + 6. Calculate o(u).
1
Let i(u) be the second derivative of -u**3/6 + u**2/2 + 4*u. Determine i(-3).
4
Let o(k) = k**3 - 6*k**2 + 5*k - 2. Let j be (-2)/((-6)/4 + 1). Let m be ((-30)/(-9))/(j/6). What is o(m)?
-2
Let c(v) = v**3 - 6*v**2 + 5*v - 4. Let z be c(5). Let p(m) be the third derivative of 0*m + 0 + 1/6*m**3 + 1/24*m**4 - m**2. Calculate p(z).
-3
Let p be 2/4 + (-11)/(-2). Let q = -4 + p. Let d(l) = -4*l**2 + 2*l + 2 - q*l**2 + 3*l**2. What is d(2)?
-6
Suppose 61*t - 51*t + 50 = 0. Let c(i) = i**2 - 1 + 6 - 2 + 5*i. Determine c(t).
3
Let u(t) = -t**3 - t. Suppose d = -0 - 4. Let v be d/(-6) - 15/9. Determine u(v).
2
Let i(n) = -n + 22*n**3 + 17*n**3 + 19*n**3 - 56*n**3. Suppose -4*h + 10 = 2*k, -h = -0*h - 4*k + 11. Give i(h).
1
Let x = -99 + 103. Let p(l) = 2*l - 1. Give p(x).
7
Let q(n) = -9*n**2 - 6*n. Let d(m) = -18*m**2 - 11*m. Let u(x) = 6*d(x) - 11*q(x). Determine u(1).
-9
Let d(g) = -6*g**3 - 3*g**2 - 2*g + 3. Let b(z) = -3*z**3 - z**2 - z + 1. Let v(y) = y + 5. Let i be v(0). Let k(p) = i*b(p) - 2*d(p). What is k(-1)?
4
Let g(j) = 1. Let a(u) = 2*u. Suppose -3*c - 2*m + 26 = 0, 3*c - 5*m = -c + 4. Let d(i) = c*g(i) - a(i). What is d(6)?
-6
Let m(j) = j**3 + 12*j**2 + j + 17. Let n be m(-12). Suppose 2*h + 1 = n. Let c(f) = -2 + f**h + f + 1 + 3*f. What is c(-4)?
-1
Let b(k) = -12*k**3 + 8*k**3 + 5*k**3. What is b(-2)?
-8
Suppose 2*y - 1 + 7 = 2*x, y = -x + 5. Suppose 4*r + 22 = -2*d + x*d, 0 = -2*d - 4*r - 2. Let z(j) = j**2 - 4*j - 6. Calculate z(d).
-1
Let d(o) be the first derivative of -o**7/840 + o**6/120 - o**5/120 - o**3 + 1. Let x(y) be the third derivative of d(y). Calculate x(2).
2
Let r(a) = 4*a. Let f(u) = -7*u - 2. Let o(p) = -6*f(p) - 10*r(p). Give o(-5).
2
Let c(y) be the first derivative of -y**3/3 - 5*y**2/2 - 7*y + 4. Give c(-5).
-7
Let b(m) = m + 4. Let p(h) = 5*h + 0*h**2 - 2 + h**2 - 2*h**2. Let k be p(3). What is b(k)?
8
Let w(l) = -l**2 - 8*l + 1. Let u be w(-7). Suppose -4*v = -2*a - u, -5*v + 5 = 3*a - 5. Let m(h) = 0*h**3 - h**2 + 1 - h**3 + h + a*h**2. What is m(0)?
1
Let w(k) = -7*k + 3. Let y be (-1 - -4)/(-1 - -2). Give w(y).
-18
Let d(n) = 3 - 5 - n + 3. Let g(b) = b**3 + 3*b**2 - 6*b - 3. Let u be g(-4). Suppose -4*m - 11 = y, -u*y - 5*m = 42 - 17. Calculate d(y).
4
Let o(g) = -3 - 2*g + 6 - 2*g. Let s be (-2)/(-4)*(11 + -11). Suppose -3 + s = -a. What is o(a)?
-9
Suppose 5*s - 2*x = 3*x - 10, 0 = 3*x + 12. Let t(m) = m**3 + 5*m**2 - 6*m. What is t(s)?
0
Let p(r) be the second derivative of r**4/4 + r**3/3 - r**2 + 9*r. Determine p(-3).
19
Let z(u) be the third derivative of u**5/60 + u**4/8 - 19*u**2. Give z(-3).
0
Let v = 2 - 1. Suppose z = -6 + 4, 2*z + 1 = -o. Let j(c) = -o*c + 0*c - 2*c. What is j(v)?
-5
Suppose 4*c + 20 = 0, 35 = -5*v + 2*c - 4*c. Let k(b) = b + 1. Calculate k(v).
-4
Let f(x) = 2*x + 0*x**2 + 4 - x**2 - 8. Calculate f(3).
-7
Let j(r) = r. Suppose -3*o + 6*o = 33. Let m = o + -12. What is j(m)?
-1
Let j = 0 + 5. Suppose -5*t = c - j*c + 17, -t = -5*c - 5. Let w(d) = -5*d - 3. Give w(c).
7
L